ate the highest common factor of x and 23.
23
Let z = 3 - -21. What is the highest common factor of z and 16?
8
Let n(s) = -2*s + 9. Let r(d) = 3*d - 14. Let m(c) = -7*n(c) - 5*r(c). Let j be m(6). Calculate the highest common factor of 11 and j.
1
Suppose -4*i + 306 = -i. Suppose 0*g - 3*g + i = 0. Suppose -3*h - 4*p + 59 = -8, h + 4*p = 33. What is the highest common factor of h and g?
17
Suppose -5*w + 1 = -4. Calculate the highest common factor of w and 7.
1
Let o = 189 + -188. What is the greatest common factor of o and 3?
1
Let d(s) = -s**3 - 5*s**2 - 4*s. Let a be d(-3). Let z = -3 - a. Suppose z*t = 88 + 32. Calculate the greatest common factor of t and 5.
5
Let t(h) = h**3 + 12*h**2 + 4*h + 13. Let m be t(-11). Calculate the greatest common divisor of m and 10.
10
Let p = 24 - 5. What is the highest common divisor of 38 and p?
19
Suppose 5*n - 2*n = 243. Let f be (-124)/(-14) + (-15)/(-105). Calculate the greatest common divisor of n and f.
9
Let x = 5 + 7. Suppose -1 = i - 4. What is the greatest common factor of i and x?
3
Let l = -10 + 7. Let y be ((-40)/(-6))/((-1)/l). What is the greatest common divisor of y and 4?
4
Let w(m) = m + 4. Let f be w(0). Suppose q + f*j = 7*j - 18, 34 = -q - j. Let p be 1/2 + q/(-4). Calculate the greatest common divisor of 1 and p.
1
Suppose -2*a - 10 = -2*p, 0 = 3*p + p - 2*a - 12. Let z be p/(-3)*-219 + -3. Calculate the highest common divisor of z and 28.
14
Let y(l) = -15*l**3 + l**2 - 1. Let g be y(-1). Suppose z + 7*t = 3*t + 15, z - 5*t = g. What is the highest common factor of z and 105?
15
Let k(u) = -u**2 + 6*u + 5. Let v be k(6). Suppose -b - 72 = -v*b. What is the greatest common factor of b and 12?
6
Let g = 18 - 12. Let b(m) = 3*m**2 - 3. Let r be b(3). Calculate the highest common factor of g and r.
6
Let j = 59 + -3. Suppose 3*d - 21 + 0 = 0. Calculate the highest common divisor of d and j.
7
Suppose -5*p = -5*x, 3 = -p + 3*x - 5. Suppose p*n - 19 = 3*h + 7, 0 = 5*n + 4*h - 48. Let j be 18/n*2*12. What is the greatest common factor of j and 6?
6
Let y(n) = 6*n + 3. Suppose 3*l + 3*q - 9 = 0, q - 9 = -3*l + 2. Suppose 20 = l*z + 4. Let s be y(z). What is the greatest common divisor of s and 9?
9
Let h be ((-91)/(-28))/(2/16). What is the highest common divisor of 104 and h?
26
Let h = -136 - -163. What is the highest common factor of h and 1?
1
Let q(h) = 6*h**3 - 2*h**2. Suppose 3*v - 5*v - 2 = -2*l, -l = -5*v + 7. Let a be q(v). What is the greatest common factor of a and 10?
10
Let p(v) = -9*v + 4 + v**2 - 2 + 8 + 0*v. Let r be p(10). Calculate the greatest common divisor of 30 and r.
10
Let t be 4070/11*2/4. Let q = 317 - t. Calculate the highest common factor of 22 and q.
22
Let a be (24/14)/((-22)/(-77)). Calculate the highest common divisor of a and 30.
6
Let k(m) = 105*m**3 + m - 1. Let n be k(1). What is the highest common factor of 15 and n?
15
Let p be ((-63)/6 - 2)*(-54)/45. What is the greatest common factor of p and 15?
15
Suppose -5*y - 10 = -d, -5*d + 10*d + 10 = -5*y. Let l be d - 9 - (2 - 3). Let q = l - -19. What is the greatest common factor of q and 22?
11
Suppose -w + 5*w - 24 = 0. Let g = w + -7. Let q(j) = -4*j**3 - j. Let h be q(g). What is the highest common divisor of h and 35?
5
Suppose 4*g = 3*u - 65, -5*u - g = -u - 55. Calculate the highest common factor of u and 3.
3
Let i(o) = o**2 + o - 2. Suppose -4*q + 0*q = 3*h + 44, 0 = -5*q + 4*h - 86. Let t = q + 10. Let g be i(t). Calculate the highest common factor of g and 2.
2
Let k be (-7 - -10) + (0 - 3). Suppose k = 3*m + 14 - 56. Calculate the highest common factor of 21 and m.
7
Let n = 65 + 78. What is the highest common divisor of 13 and n?
13
Let o(u) = -3*u**3 + 3*u**2 - 13. Let v be o(-3). Let c be (-1)/(-2)*0 + 38. What is the highest common factor of c and v?
19
Let h = -14 + 8. Let x be (-1 - 3)*(2 + h). Let b be (-1)/(-1)*(x - -2). Calculate the highest common factor of 6 and b.
6
Suppose 3*i + i = 8. Let j = 297 - -165. Suppose a - j = -i*a. What is the greatest common factor of a and 14?
14
Suppose -2*k + 193 = 5*m, 0 = 5*k + 2 + 3. Calculate the highest common factor of m and 26.
13
Suppose -5*y + 45 = -2*y. Suppose -3*n = y - 51. What is the highest common divisor of n and 36?
12
Let t = -31 - -55. Calculate the highest common divisor of t and 96.
24
Let z = 12 + 2. Calculate the greatest common divisor of 35 and z.
7
Suppose 4*z - 13 = 2*r - 5*r, -5*z + 17 = 3*r. Calculate the greatest common factor of 10 and z.
2
Let p be 15/20 - (243/(-4))/3. Let c(l) = 2*l**3 + l**2. Let i(s) = -s - 2. Let n be i(-3). Let k be c(n). What is the highest common factor of k and p?
3
Let i = -36 - -144. What is the highest common divisor of 12 and i?
12
Let z = -173 + 77. Let p = z - -229. Suppose 2*s - 34 = -n, -5*s - 2*n - 14 + 101 = 0. Calculate the greatest common divisor of p and s.
19
Suppose 0 = -4*x + 3*o + 621, 5*o = 5*x - 457 - 323. Calculate the greatest common divisor of x and 17.
17
Let g be 147/12 - (-3)/(-12). Calculate the highest common factor of 12 and g.
12
Let q = -163 - -334. What is the greatest common divisor of q and 19?
19
Let t = -22 + 13. Let q = t - -9. Suppose 2*i + q*i - 52 = 0. What is the highest common factor of 39 and i?
13
Let u(z) = -z**3 - 10*z**2 + z + 12. Let q be u(-10). Calculate the highest common factor of 8 and q.
2
Let i = 17 + -11. Let z be (56/(-6))/((-4)/i). What is the highest common divisor of z and 98?
14
Suppose 0 = -3*w - 6, -3*t - 3*w + 4*w + 17 = 0. What is the greatest common divisor of 25 and t?
5
Let t = 21 - 17. Let l be ((-2)/5)/(t/(-220)). What is the greatest common factor of 55 and l?
11
Let x(b) = b**2 - 18*b + 35. Let c be x(20). What is the greatest common divisor of c and 15?
15
Let v(o) = o**3 - 5*o**2 - 7*o - 7. Let w be v(7). What is the highest common factor of 7 and w?
7
Let r = 15 - 4. Calculate the highest common divisor of 55 and r.
11
Let r = 16 - 27. Let j = r + 24. Let s(z) = 7*z - 1. Let k be s(2). Calculate the highest common factor of k and j.
13
Let y(h) = 2*h**2 + 3 + 2*h**2 - 2*h - 3*h**2. Let i be y(5). Suppose -10 = 5*n - 5*q, 5*n - 5*q = 2*n - 14. Calculate the greatest common divisor of n and i.
2
Suppose -3*i + 28 = -5*i. Suppose 2*d + 0*d = -56. Let t = i - d. Calculate the highest common factor of t and 2.
2
Let p be 6*4*(4 - (-55)/(-15)). Calculate the greatest common divisor of 88 and p.
8
Let x(u) = 5*u + 5. Let c be x(8). Suppose s + s = 26. Let z = s - 4. What is the highest common factor of c and z?
9
Let g = 11 - 16. Let j be 66/4 - g/(-10). Calculate the greatest common factor of j and 128.
16
Let b = -26 - -30. Calculate the highest common divisor of 36 and b.
4
Suppose -4*x + 5*x = -128. Let u = -89 - x. Let r = 45 - 32. What is the highest common divisor of u and r?
13
Let l = 5 - 2. Suppose l*b = 28 - 1. Let a = -21 + 30. Calculate the highest common factor of a and b.
9
Suppose 0 = 3*s - 93 + 3. Calculate the highest common divisor of s and 45.
15
Let c be -3*((0 - -3) + -4). What is the greatest common divisor of c and 24?
3
Let c(i) = -i**3 - 2*i**2 + i - 3. Let j be c(-3). Suppose -s + o = -6, j*s - 3*o - 24 = 2*o. What is the highest common factor of s and 9?
3
Let o = 104 - 89. What is the highest common divisor of 45 and o?
15
Let d be (-6 + -3)/3 + 6. Let v be d/(1 + 12/(-16)). What is the highest common factor of v and 6?
6
Let i = 17 + -12. What is the greatest common divisor of 55 and i?
5
Let i(n) = -n - 14. Let z be (6 + -3)/3 - 1. Let w be i(z). Let h be 4/w - 260/(-28). Calculate the highest common divisor of 72 and h.
9
Suppose -5*v + 389 = 2*y - 513, -v + 5*y + 175 = 0. Calculate the greatest common divisor of v and 20.
20
Let s(g) = -g**2 - g + 4. Let a be s(3). Let h be 20/8*a/(-5). Suppose 2*j + 2*b = 8, -2*j - 26 = -5*j + h*b. Calculate the greatest common divisor of 18 and j.
6
Let g be (21/(-14))/(2/(-12)). What is the highest common divisor of 81 and g?
9
Suppose -4*v - 3*d - 223 = -2*v, 0 = -2*v - 4*d - 228. Let u = v - -324. Calculate the highest common divisor of 22 and u.
22
Let p = -104 - -125. What is the greatest common divisor of 21 and p?
21
Let n be (50 + 1)/(0 + 1). Suppose -4*z + 21 = -n. Calculate the greatest common factor of z and 12.
6
Let n = -68 - -140. Suppose